22100?
True
Is 21 a factor of 22405023?
False
Is 273684 a multiple of 11?
False
Is 2587907 a multiple of 61?
False
Does 9 divide 1924539?
False
Does 42 divide 10524016?
False
Is 41 a factor of 451246?
True
Is 67 a factor of 417611?
True
Is 15 a factor of 2481000?
True
Is 1604123 a multiple of 70?
False
Does 20 divide 121577?
False
Is 37 a factor of 729099?
False
Is 3534336 a multiple of 1152?
True
Is 880 a factor of 63132?
False
Is 7766400 a multiple of 50?
True
Is 15 a factor of 180165?
True
Is 121320 a multiple of 120?
True
Does 51 divide 217804?
False
Does 827 divide 4431204?
False
Does 11 divide 520214?
False
Does 8 divide 4061048?
True
Is 11 a factor of 174845?
True
Is 52120 a multiple of 10?
True
Does 4 divide 68718?
False
Is 1499274 a multiple of 25?
False
Is 101112 a multiple of 12?
True
Does 282 divide 7050?
True
Is 4 a factor of 9812?
True
Does 40 divide 256184?
False
Does 185 divide 1807080?
True
Is 2035796 a multiple of 71?
False
Does 30 divide 123615?
False
Is 1007 a factor of 8024703?
False
Is 12 a factor of 10052?
False
Is 4577398 a multiple of 742?
True
Is 5690 a multiple of 26?
False
Is 411939 a multiple of 513?
True
Does 215 divide 78045?
True
Is 7 a factor of 63474?
False
Does 275 divide 332184?
False
Is 12 a factor of 3135337?
False
Does 162 divide 11326554?
True
Does 30 divide 2046330?
True
Does 59 divide 1426626?
False
Does 167 divide 721094?
False
Is 5510064 a multiple of 186?
True
Is 208292 a multiple of 346?
True
Is 12955385 a multiple of 15?
False
Is 12 a factor of 51674?
False
Does 752 divide 534701?
False
Is 2638288 a multiple of 16?
True
Is 116826 a multiple of 2?
True
Is 1024480 a multiple of 403?
False
Is 149 a factor of 1654313?
False
Does 60 divide 855441?
False
Is 15 a factor of 409047?
False
Is 22 a factor of 444862?
True
Is 110 a factor of 15003110?
False
Is 443842 a multiple of 137?
False
Does 32 divide 1584352?
True
Does 579 divide 340030?
False
Is 55 a factor of 679810?
False
Does 186 divide 867504?
True
Is 21 a factor of 40766?
False
Is 90210 a multiple of 8?
False
Is 10114117 a multiple of 131?
True
Does 47 divide 6464937?
False
Is 38673 a multiple of 13?
False
Does 34 divide 121584?
True
Is 4 a factor of 3767946?
False
Does 58 divide 899333?
False
Is 1024977 a multiple of 913?
False
Does 613 divide 74746?
False
Is 188 a factor of 1699332?
True
Is 2049471 a multiple of 9?
True
Is 926856 a multiple of 56?
True
Does 831 divide 3144383?
False
Does 5 divide 9268493?
False
Does 6 divide 134598?
True
Is 1882970 a multiple of 215?
True
Is 19437806 a multiple of 46?
True
Does 9 divide 1199709?
True
Is 1105372 a multiple of 12?
False
Is 2108601 a multiple of 2?
False
Is 75 a factor of 61125?
True
Does 135 divide 97143?
False
Is 1090294 a multiple of 95?
False
Is 12 a factor of 21948?
True
Does 203 divide 46081?
True
Is 87 a factor of 569241?
True
Does 3 divide 15792?
True
Does 4 divide 59184?
True
Is 831300 a multiple of 20?
True
Is 59866 a multiple of 2?
True
Is 7580451 a multiple of 251?
True
Is 982275 a multiple of 105?
True
Is 16 a factor of 189536?
True
Does 8 divide 2040?
True
Does 417 divide 585468?
True
Is 17 a factor of 451872?
False
Is 6835701 a multiple of 25?
False
Does 81 divide 96609?
False
Is 21846368 a multiple of 366?
False
Does 8 divide 107072?
True
Is 112 a factor of 12770033?
False
Is 1005696 a multiple of 864?
True
Is 993553 a multiple of 8?
False
Is 11521092 a multiple of 33?
True
Is 2588908 a multiple of 103?
False
Does 199 divide 34228?
True
Is 44085 a multiple of 9?
False
Is 5722445 a multiple of 7?
False
Is 47 a factor of 13912?
True
Does 314 divide 1360652?
False
Is 156 a factor of 1390896?
True
Is 29 a factor of 471685?
True
Does 22 divide 164340?
True
Is 10038719 a multiple of 211?
False
Does 12 divide 2695026?
False
Is 2468388 a multiple of 28?
False
Is 10 a factor of 14020350?
True
Does 655 divide 2038397?
False
Is 85676 a multiple of 4?
True
Does 1150 divide 9481034?
False
Is 276010 a multiple of 29?
False
Is 2303250 a multiple of 66?
False
Is 20 a factor of 12036946?
False
Is 52523 a multiple of 101?
False
Does 186 divide 431334?
True
Is 49520 a multiple of 5?
True
Is 19 a factor of 67488?
True
Is 24961 a multiple of 45?
False
Does 427 divide 7851249?
True
Does 12 divide 2864522?
False
Is 6 a factor of 366329?
False
Is 20 a factor of 1061940?
True
Does 118 divide 196116?
True
Is 4 a factor of 221764?
True
Is 678 a factor of 1585164?
True
Is 60 a factor of 681300?
True
Is 55 a factor of 19564261?
False
Is 12420592 a multiple of 16?
True
Is 1657047 a multiple of 57?
True
Does 346 divide 2412739?
False
Does 7 divide 525511?
True
Is 890516 a multiple of 171?
False
Is 76 a factor of 183768?
True
Is 43 a factor of 5108142?
True
Is 28 a factor of 8449377?
False
Is 8 a factor of 51747?
False
Is 219 a factor of 17428732?
False
Does 45 divide 12298635?
True
Is 21827322 a multiple of 9?
True
Is 14 a factor of 412544?
False
Does 43 divide 3793933?
True
Is 15430240 a multiple of 70?
True
Is 23 a factor of 44087?
False
Is 437685 a multiple of 5?
True
Is 206 a factor of 1460746?
True
Does 6 divide 1838844?
True
Is 206 a factor of 304036?
False
Is 27 a factor of 12447?
True
Does 18 divide 830433?
False
Is 182623 a multiple of 279?
False
Does 29 divide 99615?
True
Is 768272 a multiple of 23?
False
Does 378 divide 7316744?
False
Is 791385 a multiple of 84?
False
Is 21 a factor of 1081841?
False
Is 2139462 a multiple of 7?
False
Is 1580454 a multiple of 9?
True
Is 147 a factor of 4411217?
False
Is 107 a factor of 473586?
False
Does 41 divide 4488229?
True
Is 6064793 a multiple of 26?
False
Is 82 a factor of 235094?
True
Is 2198300 a multiple of 95?
True
Is 6 a factor of 112536?
True
Is 3756083 a multiple of 142?
False
Does 466 divide 6381404?
True
Does 312 divide 190632?
True
Is 201914 a multiple of 28?
False
Is 35 a factor of 425551?
False
Is 4972891 a multiple of 290?
False
Does 15 divide 54060?
True
Does 2 divide 422?
True
Does 27 divide 371358?
True
Does 554 divide 54884?
False
Does 120 divide 757800?
True
Does 642 divide 8024913?
False
Is 1862562 a multiple of 783?
False
Does 18 divide 164340?
True
Is 12692 a multiple of 12?
False
Is 195 a factor of 1996497?
False
Does 58 divide 140824?
True
Is 140 a factor of 3144400?
True
Is 14 a factor of 69224?
False
Does 50 divide 295404?
False
Is 1734434 a multiple of 26?
True
Is 3428562 a multiple of 8?
False
Is 114072 a multiple of 42?
True
Is 1531917 a multiple of 91?
False
Does 297 divide 5118201?
True
Is 77272 a multiple of 13?
True
Is 2037420 a multiple of 289?
False
Is 5984352 a multiple of 159?
False
Is 4575114 a multiple of 69?
True
Is 1359647 a multiple of 36?
False
Does 141 divide 2435330?
False
Does 18 divide 1337796?
True
Is 250 a factor of 4601750?
True
Is 55 a factor of 538175?
True
Does 116 divide 1702295?
False
Is 23 a factor of 91011?
True
Does 169 divide 6701695?
True
Is 3 a factor of 86669?
False
Is 13 a factor of 97875?
False
Is 33 a factor of 2456784?
True
Is 67539 a multiple of 2?
False
Does 1108 divide 6253346?
False
Does 47 divide 1859545?
False
Is 2990 a factor of 227240?
True
Is 127 a factor of 770701?
False
Is 256 a factor of 76800?
True
Does 273 divide 218946?
True
Does 40 divide 56053?
False
Does 3 divide 420195?
True
Is 66409 even?
False
Does 53 divide 6342298?
True
Does 7 divide 2228?
False
Does 133 divide 4345662?
False
Is 4 a factor of 5152?
True
Does 6 divide 35520?
True
Does 23 divide 1288636?
False
Does 164 divide 91849?
False
Does 593 divide 145285?
True
Does 184 divide 16866?
False
Is 432043 a multiple of 211?
False
Is 81 a factor of 363612?
False
Is 301 a factor of 1906835?
True
Is 2 a factor of 256652?
True
Is 22009179 a multiple of 131?
True
Does 21 divide 177541?
False
Does 96 divide 1079616?
True
Is 158 a factor of 4351636?
True
Is 308 a factor of 552044?
False
Does 18 divide 264528?
True
Is 20782 a multiple of 2?
True
Does 38 divide 412110?
True
Is 35 a factor of 1318564?
False
Is 67 a factor of 21289116?
True
Does 13 divide 56788?
False
Is 14 a factor of 414600?
False
Is 18060 a multiple of 14?
True
Is 170 a factor of 294881?
False
Is 29 a factor of 269594?
False
Is 313266 a multiple of 63?
False
Does 39 divide 391451?
False
Is 880425 a multiple of 43?
True
Is 3 a factor of 2512733?
False
Does 87 divide 